s digit of 26329815?
2
What is the hundred millions digit of 1445804127?
4
What is the thousands digit of 128850727?
0
What is the ten thousands digit of 135716822?
1
What is the millions digit of 2261426200?
1
What is the tens digit of 1024892753?
5
What is the units digit of 46168313?
3
What is the thousands digit of 211381816?
1
What is the ten millions digit of 357311893?
5
What is the units digit of 1214604868?
8
What is the thousands digit of 27697260?
7
What is the tens digit of 127503322?
2
What is the millions digit of 861893712?
1
What is the thousands digit of 782028200?
8
What is the ten thousands digit of 586763739?
6
What is the ten millions digit of 75834426?
7
What is the tens digit of 829270340?
4
What is the ten thousands digit of 2954608284?
0
What is the units digit of 612335538?
8
What is the hundred thousands digit of 283528186?
5
What is the hundreds digit of 764978029?
0
What is the thousands digit of 213281849?
1
What is the ten millions digit of 982296009?
8
What is the hundred thousands digit of 1061349531?
3
What is the hundred millions digit of 5649412423?
6
What is the ten thousands digit of 106530425?
3
What is the tens digit of 1750000084?
8
What is the hundred thousands digit of 25979913?
9
What is the ten millions digit of 468876194?
6
What is the units digit of 5239482?
2
What is the hundred millions digit of 3536101843?
5
What is the ten millions digit of 272349706?
7
What is the billions digit of 1097221515?
1
What is the hundred thousands digit of 3906229?
9
What is the units digit of 208286443?
3
What is the ten millions digit of 65748310?
6
What is the ten thousands digit of 6902231?
0
What is the millions digit of 3446605?
3
What is the millions digit of 58714286?
8
What is the units digit of 350866850?
0
What is the millions digit of 3690774781?
0
What is the millions digit of 24474392?
4
What is the hundreds digit of 5277117439?
4
What is the millions digit of 3718652?
3
What is the ten thousands digit of 21266083?
6
What is the tens digit of 2121387471?
7
What is the millions digit of 3750036761?
0
What is the hundreds digit of 313742325?
3
What is the ten thousands digit of 82245412?
4
What is the hundred millions digit of 337371622?
3
What is the tens digit of 851591213?
1
What is the ten millions digit of 881108523?
8
What is the thousands digit of 1992248035?
8
What is the thousands digit of 4399407683?
7
What is the hundred thousands digit of 294930880?
9
What is the thousands digit of 28997510?
7
What is the hundreds digit of 575390804?
8
What is the units digit of 2568501577?
7
What is the hundred thousands digit of 65971841?
9
What is the hundreds digit of 537282288?
2
What is the ten millions digit of 100936217?
0
What is the thousands digit of 178535294?
5
What is the hundred thousands digit of 93010077?
0
What is the hundred millions digit of 1103083746?
1
What is the ten millions digit of 35836039?
3
What is the hundreds digit of 138253897?
8
What is the ten millions digit of 189804856?
8
What is the ten millions digit of 1356274966?
5
What is the millions digit of 191959478?
1
What is the ten thousands digit of 2287361508?
6
What is the ten thousands digit of 60320702?
2
What is the units digit of 569968255?
5
What is the thousands digit of 33200523?
0
What is the units digit of 1025702058?
8
What is the thousands digit of 154391016?
1
What is the ten thousands digit of 77090061?
9
What is the tens digit of 2535379497?
9
What is the hundred millions digit of 188893220?
1
What is the ten millions digit of 709178228?
0
What is the hundred millions digit of 3493769422?
4
What is the hundreds digit of 115027291?
2
What is the ten millions digit of 736415141?
3
What is the thousands digit of 3907268923?
8
What is the ten thousands digit of 374774374?
7
What is the hundred millions digit of 204961259?
2
What is the hundred thousands digit of 5199335?
1
What is the ten thousands digit of 3290918376?
1
What is the ten thousands digit of 5928555808?
5
What is the hundred millions digit of 106900573?
1
What is the thousands digit of 1129358?
9
What is the hundred millions digit of 4546797575?
5
What is the hundred thousands digit of 51158342?
1
What is the hundred thousands digit of 815446085?
4
What is the hundreds digit of 1165405780?
7
What is the thousands digit of 1117419866?
9
What is the billions digit of 2568432695?
2
What is the hundred thousands digit of 2446575930?
5
What is the millions digit of 1132874614?
2
What is the hundred millions digit of 3910667553?
9
What is the hundred thousands digit of 25701078?
7
What is the hundreds digit of 781569472?
4
What is the hundred thousands digit of 367448952?
4
What is the thousands digit of 116080909?
0
What is the millions digit of 65652421?
5
What is the hundred thousands digit of 4615082875?
0
What is the tens digit of 137958796?
9
What is the hundreds digit of 1830910583?
5
What is the hundreds digit of 62756371?
3
What is the units digit of 345033023?
3
What is the units digit of 840170469?
9
What is the tens digit of 5075577938?
3
What is the ten millions digit of 508072172?
0
What is the thousands digit of 782650419?
0
What is the ten millions digit of 191384403?
9
What is the hundred millions digit of 1030785098?
0
What is the thousands digit of 1015611748?
1
What is the hundred millions digit of 258167795?
2
What is the ten thousands digit of 24548966?
4
What is the billions digit of 2551847583?
2
What is the millions digit of 75246197?
5
What is the tens digit of 2697224152?
5
What is the ten thousands digit of 591192292?
9
What is the billions digit of 5546649444?
5
What is the ten millions digit of 436270324?
3
What is the thousands digit of 102764939?
4
What is the units digit of 44836031?
1
What is the hundred thousands digit of 1696532992?
5
What is the billions digit of 2526962282?
2
What is the hundred millions digit of 247806251?
2
What is the tens digit of 397090767?
6
What is the ten thousands digit of 157911986?
1
What is the units digit of 54795934?
4
What is the ten millions digit of 126306056?
2
What is the ten thousands digit of 52309068?
0
What is the tens digit of 1044610?
1
What is the tens digit of 75733271?
7
What is the units digit of 65084436?
6
What is the thousands digit of 236194415?
4
What is the ten millions digit of 68147172?
6
What is the ten thousands digit of 21844932?
4
What is the ten thousands digit of 3523195880?
9
What is the hundred thousands digit of 999614473?
6
What is the ten millions digit of 258635980?
5
What is the hundreds digit of 23204533?
5
What is the thousands digit of 1083544107?
4
What is the ten millions digit of 52217007?
5
What is the hundreds digit of 712437562?
5
What is the tens digit of 142877495?
9
What is the millions digit of 182280694?
2
What is the hundred thousands digit of 2907753280?
7
What is the millions digit of 268685745?
8
What is the hundreds digit of 181605589?
5
What is the billions digit of 2143588502?
2
What is the ten millions digit of 530637693?
3
What is the hundred thousands digit of 133330307?
3
What is the millions digit of 755162311?
5
What is the hundreds digit of 4610712?
7
What is the millions digit of 12281590?
2
What is the hundreds digit of 7684008133?
1
What is the thousands digit of 77620401?
0
What is the ten thousands digit of 357638711?
3
What is the hundred thousands digit of 2775365508?
3
What is the tens digit of 54464106?
0
What is the hundreds digit of 42621232?
2
What is the hundreds digit of 37046592?
5
What is the ten millions digit of 1889793564?
8
What is the tens digit of 2962741213?
1
What is the millions digit of 122031544?
2
What is the ten millions digit of 73362759?
7
What is the units digit of 77003434?
4
What is the millions digit of 166669342?
6
What is the tens digit of 997926442?
4
What is the millions digit of 313126259?
3
What is the tens digit of 162924393?
9
What is the units digit of 5107028228?
8
What is the hundred millions digit of 311889742?
3
What is the tens digit of 26622539?
3
What is the tens digit of 493657412?
1
What is the billions digit of 1617035612?
1
What is the ten thousands digit of 110785814?
8
What is the millions digit of 3082719640?
2
What is the hundreds digit of 192596279?
2
What is th